prime factors of u.
53
Suppose c + 132 = 5*j, -14 = -5*j + 6. Let g = -107 - c. Suppose 2*v - 5*f - 11 = 29, 5*v + g*f = 65. What are the prime factors of v?
3, 5
Suppose 11*a + 1071 = 32*a. Let g(h) = -h**2 - 8*h - 7. Let w be g(-7). Suppose -181 = -3*p - d, -p - 4*d - d + a = w. What are the prime factors of p?
61
Let i(w) = -1 + 13*w**2 - 22*w - 94*w**3 - 8 - 11*w**2 + 111*w**3. List the prime factors of i(4).
3, 11, 31
Let k = -27016 - -55208. What are the prime factors of k?
2, 881
Let q = 5944 - 2172. List the prime factors of q.
2, 23, 41
Suppose 2*n + 4*z = 642, -2*n - 3*z - 301 = -3*n. Let y = n + -151. What are the prime factors of y*1*((-26)/6 + 5)?
2, 3
Let u = -355 - -357. Suppose 845 = u*y + 59. List the prime factors of y.
3, 131
Let v(d) = 17 + 41*d**2 - 9*d**2 - 12*d**2 - 15*d**2 + 12*d. List the prime factors of v(5).
2, 101
Suppose 42*j - 3*j = 273702. List the prime factors of j.
2, 11, 29
Suppose l = 4*j - 787, j + 0*l - 193 = 4*l. Let z = j + -127. List the prime factors of z.
2, 5, 7
Let w be (-56)/20 + 5 + (-2)/10. Let i be (487/w)/((-6)/(-12)). Suppose 0 = -5*l + i + 18. What are the prime factors of l?
101
Suppose -2 = -10*a + 118. Let d be (12/8)/(a/40*1). Suppose -5*x + 174 = 3*u, -62 = -10*x + 8*x - d*u. What are the prime factors of x?
2, 3
Let u = 23952 + -17062. List the prime factors of u.
2, 5, 13, 53
Let j = 3967 + 6016. List the prime factors of j.
67, 149
Suppose -18796 - 49874 = -45*k. List the prime factors of k.
2, 7, 109
Let l(h) be the third derivative of -h**6/40 - h**5/10 + 7*h**4/24 - h**3/6 - 18*h**2. Let k be l(-5). Suppose 29 = -5*z + k. What are the prime factors of z?
2
What are the prime factors of (374/165 + -9 + 12/(-20))*-2394?
2, 3, 7, 11, 19
Suppose -4368 = -23*c + 47*c. Let m = 449 - c. List the prime factors of m.
631
Let m(f) = 12*f**2 - 20*f - 38. Let j(z) = 12*z - 12. Let b be j(0). What are the prime factors of m(b)?
2, 5, 193
List the prime factors of (-3 - -6)*((-3)/(-15) + 1185136/120).
29629
Let w be (-108)/(182/(-30) - -6). Let z = w - 1123. What are the prime factors of z?
7, 71
Let m be (1 + -4)*9/(135/(-80)). Suppose -73*u + 71*u + m = 0. Suppose -u*t + 482 = -30. What are the prime factors of t?
2
Suppose -2*g + 4*g - 22 = -3*y, 4*y + 4 = 4*g. List the prime factors of ((-34)/g*2)/((-50)/625).
2, 5, 17
Suppose 0 = i - 2*t - 7941, 383 = -4*i - 4*t + 32123. List the prime factors of i.
7937
Let y = -50398 - -91541. List the prime factors of y.
41143
Suppose -2*d = -4*n + 144, -3*n = -0*n - 3*d - 102. Let z = 187 + n. List the prime factors of z.
3, 5
List the prime factors of ((-762680)/276)/(2/(-6)).
2, 5, 829
Let u(z) = 356*z**3 + 9*z**2 - 117*z + 583. What are the prime factors of u(5)?
7, 6389
What are the prime factors of 11/((-1892)/(-8)) - (-44889210)/817?
2, 17, 101
List the prime factors of (-5 - (-75)/10)/(((-175)/(-31682))/25).
5, 31, 73
Let q(l) = -l**2 - 30*l - 198. Let u be q(-10). Suppose 5*h - 5*d = -0*d + 3605, 0 = -u*d. What are the prime factors of h?
7, 103
Let a(u) = -30*u - 55. Let c be a(-2). Suppose 0 = c*q + 614 - 4094. What are the prime factors of q?
2, 3, 29
Let u = -4269 + 7387. Suppose -11282 = -12*i + u. What are the prime factors of i?
2, 3, 5
Let i = 5871 + -2250. Suppose 66*o - 69*o = -i. List the prime factors of o.
17, 71
Let u(g) = -6*g + 9*g + 5*g. Suppose -87 = -4*l - 63. List the prime factors of u(l).
2, 3
Suppose 4553 = -6*v + 905. Let j = -518 - v. What are the prime factors of j?
2, 3, 5
Suppose 0 = -5*g - 5*n + 150795, -54*n + 150803 = 5*g - 51*n. What are the prime factors of g?
7, 31, 139
Let y(n) be the second derivative of n**6/40 - 7*n**5/120 + 11*n**3/3 - 29*n. Let l(j) be the second derivative of y(j). What are the prime factors of l(-4)?
2, 43
List the prime factors of (-3)/7 + -362*405/(-70).
2, 3, 349
Suppose 3*c = 17*c - 207419 - 85951. List the prime factors of c.
3, 5, 11, 127
Suppose 1059495 - 16195899 = -204*p - 2866008. What are the prime factors of p?
60149
Let r be 63 - (-3 - (-10)/2). Suppose 57*k + 892 = r*k. List the prime factors of k.
223
Suppose 478*p - 477*p - 5*r = 35285, -3*p - 5*r + 105995 = 0. List the prime factors of p.
2, 5, 883
Let j = 206100 + -139168. What are the prime factors of j?
2, 29, 577
Let v(l) = 13*l**3 + 6*l**2 - 110*l - 54. What are the prime factors of v(9)?
3, 991
Let u = 28460 - 8452. What are the prime factors of u?
2, 41, 61
Suppose -w + 197*x + 4462 = 201*x, 0 = -5*x - 10. List the prime factors of w.
2, 3, 5, 149
Let t be (-4)/(-3) - (-15)/((-45)/(-2)). Suppose -t*d + 2*u = -5206, 0 = d + 2*u - 703 - 1903. List the prime factors of (-3)/30 - d/(-40).
5, 13
Let s(t) = 40278*t**2 - 5*t + 13. List the prime factors of s(1).
2, 20143
Let g(b) = -6*b**2 + 20*b + 54. Let w be g(5). Suppose 4*y - y - 48 = 0. Suppose -w*o = -y - 400. List the prime factors of o.
2, 13
Let l(p) = 20*p**2 - 3*p + 18. Let q be l(6). Suppose -m - 2844 = -3*j - q, 5*m - 708 = -j. Suppose 48*s - j = 42*s. List the prime factors of s.
2, 59
Suppose 25*c = 12*c - 31*c + 2045252. List the prime factors of c.
23, 43, 47
Suppose -17*u + 96421 = 5*g - 13*u, 18*g + 5*u = 347078. List the prime factors of g.
3, 6427
Let i = -1424 - -7576. List the prime factors of i.
2, 769
Suppose -23*j = l - 21*j - 7422, l + j - 7419 = 0. What are the prime factors of l?
2, 3, 103
Let p(n) = 104*n**2 - 137*n - 566. List the prime factors of p(-4).
2, 823
Suppose -56725 = -u + p, 3*u - p - 146603 = 23566. What are the prime factors of u?
2, 79, 359
Suppose 4*i - 5*i - 5*q = -426, 4*i - 1773 = 3*q. Let h = i + -239. What are the prime factors of h?
2, 101
Let u = 115212 + -64130. List the prime factors of u.
2, 25541
Suppose 21*x + 5*g + 8789 = 22*x, -3*x = 2*g - 26265. List the prime factors of x.
19, 461
Suppose 17*z = 44*z - 93497 - 688207. What are the prime factors of z?
2, 7, 11, 47
Let g = 13 - 11. Suppose -g*b - b = -5*u - 347, -b = u - 129. Suppose -b = -h - 3*h. What are the prime factors of h?
31
Suppose -4*q + 11*q + 294 = 0. Let z = 47 + q. Suppose -3*f + z*a = -284, -2*f - 5*a + 173 = -58. What are the prime factors of f?
103
Let t = 62 - 56. Suppose -s + 2*k = -t*s + 15, -k - 10 = -s. Suppose 2*l - 34 = -2*b, -s*l + 3*b - b = -92. List the prime factors of l.
2, 3
Let g(l) = -l**3 + 16*l**2 + 12*l - 12. Let y be g(11). Let u = -483 + y. Let r = u - 139. What are the prime factors of r?
103
Let a(j) = 54*j**3 - 3*j**2 - 3*j - 1. Let m be a(-1). Let x = -53 - m. Suppose -3*w - 2*w + 5*k + 245 = 0, -5*w + x*k = -257. List the prime factors of w.
53
Let d(p) = -5*p - 217. Let q be d(-11). Let t be 7/(7/(-400)) - 2. Let g = q - t. List the prime factors of g.
2, 3, 5
Let a(p) be the first derivative of -p**2 - 19 - p + 5/4*p**4 + 2/3*p**3. What are the prime factors of a(2)?
43
Let z be (-35)/(-11) + (-4)/22. Suppose -5*l + z + 2 = 0, s - 4*l - 938 = 0. List the prime factors of s.
2, 3, 157
Let b = -2243 - -15207. List the prime factors of b.
2, 7, 463
Suppose 3*s = 6*s + 6. Let n be (-344)/(-3) - 3*s/18. Let u = n - 104. List the prime factors of u.
11
Suppose 14*u - 53399 = -2*u + 192169. List the prime factors of u.
2, 3, 1279
List the prime factors of (-4 + 3)/((-185)/(-111) + 406524/(-243909)).
41, 661
Let x(g) = 4*g**2 - 14*g + 10. Suppose 0 = v + 5, -v - 75 = -5*i - 0*v. What are the prime factors of x(i)?
2, 13, 23
Let a be 8*-7*(-5)/56. Let y = -4 - -7. Suppose -599 = -5*t + 3*c, y*c = -5*t + a*c + 601. What are the prime factors of t?
11
Suppose 34*p = 32*p. Suppose p = 3*k + 2*h - 64, -4*k + 75 = -2*h - 29. Suppose 0 = 5*u - 4*f - 118, -f + 2*f = u - k. List the prime factors of u.
2, 11
Let g be (-5)/15 + ((-2)/6)/(-1). Suppose 2*p + 5*a - 1368 = g, 2*a = -4*p + 6*a + 2708. What are the prime factors of p?
7, 97
Let c(v) = v**3 - 12*v**2 - 13*v - 22. Let o be c(13). Let j be ((2 - 2) + 95/(-10))*o. Let q = j - -6. What are the prime factors of q?
5, 43
Let r(g) = 17*g**3 + 4*g**2 + g - 12. Let q be r(2). Let c = 61 + q. What are the prime factors of c?
7, 29
Suppose 176*b = 49*b + 462106 + 726233. What are the prime factors of b?
3, 3119
Let l(u) = -18 + 4*u**2 - 7*u**2 + 2 + 15*u + 5*u**2. Let g be l(-12). Suppose w - 63 = g. List the prime factors of w.
5, 31
Let i(h) = 49*h + 297. Let m be i(-6). Suppos